[INFO] cloning repository https://github.com/carlosdp/ive
[INFO] running `Command { std: "git" "-c" "credential.helper=" "-c" "credential.helper=/workspace/cargo-home/bin/git-credential-null" "clone" "--bare" "https://github.com/carlosdp/ive" "/workspace/cache/git-repos/https%3A%2F%2Fgithub.com%2Fcarlosdp%2Five", kill_on_drop: false }`
[INFO] [stderr] Cloning into bare repository '/workspace/cache/git-repos/https%3A%2F%2Fgithub.com%2Fcarlosdp%2Five'...
[INFO] running `Command { std: "git" "rev-parse" "HEAD", kill_on_drop: false }`
[INFO] [stdout] e147fbbc2f3325cbd2a60b9df909d696efee59cc
[INFO] checking carlosdp/ive against master#af3c6e733a40e671550e0f0f5aeecaa13772ba56 for pr-74989
[INFO] running `Command { std: "git" "clone" "/workspace/cache/git-repos/https%3A%2F%2Fgithub.com%2Fcarlosdp%2Five" "/workspace/builds/worker-2/source", kill_on_drop: false }`
[INFO] [stderr] Cloning into '/workspace/builds/worker-2/source'...
[INFO] [stderr] done.
[INFO] validating manifest of git repo https://github.com/carlosdp/ive on toolchain af3c6e733a40e671550e0f0f5aeecaa13772ba56
[INFO] running `Command { std: "/workspace/cargo-home/bin/cargo" "+af3c6e733a40e671550e0f0f5aeecaa13772ba56" "read-manifest" "--manifest-path" "Cargo.toml", kill_on_drop: false }`
[INFO] started tweaking git repo https://github.com/carlosdp/ive
[INFO] finished tweaking git repo https://github.com/carlosdp/ive
[INFO] tweaked toml for git repo https://github.com/carlosdp/ive written to /workspace/builds/worker-2/source/Cargo.toml
[INFO] crate git repo https://github.com/carlosdp/ive already has a lockfile, it will not be regenerated
[INFO] running `Command { std: "/workspace/cargo-home/bin/cargo" "+af3c6e733a40e671550e0f0f5aeecaa13772ba56" "fetch" "--locked" "--manifest-path" "Cargo.toml", kill_on_drop: false }`
[INFO] [stderr] error: the lock file /workspace/builds/worker-2/source/Cargo.lock needs to be updated but --locked was passed to prevent this
[INFO] [stderr] If you want to try to generate the lock file without accessing the network, use the --offline flag.
[INFO] the lockfile is outdated, regenerating it
[INFO] running `Command { std: "/workspace/cargo-home/bin/cargo" "+af3c6e733a40e671550e0f0f5aeecaa13772ba56" "generate-lockfile" "--manifest-path" "Cargo.toml" "-Zno-index-update", kill_on_drop: false }`
[INFO] running `Command { std: "/workspace/cargo-home/bin/cargo" "+af3c6e733a40e671550e0f0f5aeecaa13772ba56" "fetch" "--locked" "--manifest-path" "Cargo.toml", kill_on_drop: false }`
[INFO] running `Command { std: "docker" "create" "-v" "/var/lib/crater-agent-workspace/builds/worker-2/target:/opt/rustwide/target:rw,Z" "-v" "/var/lib/crater-agent-workspace/builds/worker-2/source:/opt/rustwide/workdir:ro,Z" "-v" "/var/lib/crater-agent-workspace/cargo-home:/opt/rustwide/cargo-home:ro,Z" "-v" "/var/lib/crater-agent-workspace/rustup-home:/opt/rustwide/rustup-home:ro,Z" "-e" "SOURCE_DIR=/opt/rustwide/workdir" "-e" "CARGO_TARGET_DIR=/opt/rustwide/target" "-e" "CARGO_HOME=/opt/rustwide/cargo-home" "-e" "RUSTUP_HOME=/opt/rustwide/rustup-home" "-w" "/opt/rustwide/workdir" "-m" "1610612736" "--user" "0:0" "--network" "none" "rustops/crates-build-env@sha256:d92eaeed33fa75130ca1ee6c8a01d1ffb62bac859dfdfb3450e3e5d1c0146529" "/opt/rustwide/cargo-home/bin/cargo" "+af3c6e733a40e671550e0f0f5aeecaa13772ba56" "metadata" "--no-deps" "--format-version=1", kill_on_drop: false }`
[INFO] [stdout] e55369c5497b8789dbcd39dd19e59c9c5f9a7eb91af11d75f65ab739a6e00854
[INFO] [stderr] WARNING: Your kernel does not support swap limit capabilities or the cgroup is not mounted. Memory limited without swap.
[INFO] running `Command { std: "docker" "start" "-a" "e55369c5497b8789dbcd39dd19e59c9c5f9a7eb91af11d75f65ab739a6e00854", kill_on_drop: false }`
[INFO] running `Command { std: "docker" "inspect" "e55369c5497b8789dbcd39dd19e59c9c5f9a7eb91af11d75f65ab739a6e00854", kill_on_drop: false }`
[INFO] running `Command { std: "docker" "rm" "-f" "e55369c5497b8789dbcd39dd19e59c9c5f9a7eb91af11d75f65ab739a6e00854", kill_on_drop: false }`
[INFO] [stdout] e55369c5497b8789dbcd39dd19e59c9c5f9a7eb91af11d75f65ab739a6e00854
[INFO] running `Command { std: "docker" "create" "-v" "/var/lib/crater-agent-workspace/builds/worker-2/target:/opt/rustwide/target:rw,Z" "-v" "/var/lib/crater-agent-workspace/builds/worker-2/source:/opt/rustwide/workdir:ro,Z" "-v" "/var/lib/crater-agent-workspace/cargo-home:/opt/rustwide/cargo-home:ro,Z" "-v" "/var/lib/crater-agent-workspace/rustup-home:/opt/rustwide/rustup-home:ro,Z" "-e" "SOURCE_DIR=/opt/rustwide/workdir" "-e" "CARGO_TARGET_DIR=/opt/rustwide/target" "-e" "CARGO_INCREMENTAL=0" "-e" "RUST_BACKTRACE=full" "-e" "RUSTFLAGS=--cap-lints=forbid" "-e" "CARGO_HOME=/opt/rustwide/cargo-home" "-e" "RUSTUP_HOME=/opt/rustwide/rustup-home" "-w" "/opt/rustwide/workdir" "-m" "1610612736" "--user" "0:0" "--network" "none" "rustops/crates-build-env@sha256:d92eaeed33fa75130ca1ee6c8a01d1ffb62bac859dfdfb3450e3e5d1c0146529" "/opt/rustwide/cargo-home/bin/cargo" "+af3c6e733a40e671550e0f0f5aeecaa13772ba56" "check" "--frozen" "--all" "--all-targets" "--message-format=json", kill_on_drop: false }`
[INFO] [stdout] 920aaecae81241009ee9862eab18b537d596d4fe5ad3d259b9cb722d1fbe278d
[INFO] [stderr] WARNING: Your kernel does not support swap limit capabilities or the cgroup is not mounted. Memory limited without swap.
[INFO] running `Command { std: "docker" "start" "-a" "920aaecae81241009ee9862eab18b537d596d4fe5ad3d259b9cb722d1fbe278d", kill_on_drop: false }`
[INFO] [stderr]    Compiling autocfg v1.0.1
[INFO] [stderr]    Compiling libc v0.2.77
[INFO] [stderr]     Checking cfg-if v0.1.10
[INFO] [stderr]    Compiling log v0.4.11
[INFO] [stderr]     Checking lazy_static v1.4.0
[INFO] [stderr]    Compiling byteorder v1.3.4
[INFO] [stderr]    Compiling bitflags v1.2.1
[INFO] [stderr]    Compiling khronos_api v3.1.0
[INFO] [stderr]    Compiling libloading v0.6.3
[INFO] [stderr]     Checking scopeguard v1.1.0
[INFO] [stderr]    Compiling autocfg v0.1.7
[INFO] [stderr]     Checking rand_core v0.4.2
[INFO] [stderr]     Checking slab v0.4.2
[INFO] [stderr]     Checking lazycell v1.3.0
[INFO] [stderr]    Compiling rayon-core v1.8.0
[INFO] [stderr]    Compiling cc v1.0.59
[INFO] [stderr]     Checking smallvec v1.4.2
[INFO] [stderr]     Checking adler v0.2.3
[INFO] [stderr]     Checking gimli v0.22.0
[INFO] [stderr]     Checking either v1.6.0
[INFO] [stderr]     Checking object v0.20.0
[INFO] [stderr]    Compiling cgmath v0.17.0
[INFO] [stderr]     Checking vec_map v0.6.0
[INFO] [stderr]     Checking takeable-option v0.5.0
[INFO] [stderr]     Checking bytemuck v1.4.1
[INFO] [stderr]     Checking rustc-serialize v0.3.24
[INFO] [stderr]     Checking lock_api v0.3.4
[INFO] [stderr]     Checking rand_core v0.3.1
[INFO] [stderr]     Checking rand_jitter v0.1.4
[INFO] [stderr]     Checking crc32fast v1.2.0
[INFO] [stderr]     Checking rand_isaac v0.1.1
[INFO] [stderr]     Checking rand_xorshift v0.1.1
[INFO] [stderr]     Checking rand_hc v0.1.0
[INFO] [stderr]    Compiling wayland-scanner v0.23.6
[INFO] [stderr]    Compiling rand_chacha v0.1.1
[INFO] [stderr]    Compiling rand_pcg v0.1.2
[INFO] [stderr]    Compiling rand v0.6.5
[INFO] [stderr]     Checking dlib v0.4.2
[INFO] [stderr]    Compiling gl_generator v0.14.0
[INFO] [stderr]     Checking wayland-sys v0.23.6
[INFO] [stderr]    Compiling num-traits v0.2.12
[INFO] [stderr]    Compiling crossbeam-utils v0.7.2
[INFO] [stderr]    Compiling memoffset v0.5.5
[INFO] [stderr]    Compiling crossbeam-epoch v0.8.2
[INFO] [stderr]    Compiling num-integer v0.1.43
[INFO] [stderr]    Compiling rayon v1.4.0
[INFO] [stderr]    Compiling miniz_oxide v0.4.2
[INFO] [stderr]    Compiling num-rational v0.3.0
[INFO] [stderr]    Compiling num-iter v0.1.41
[INFO] [stderr]     Checking stb_truetype v0.3.1
[INFO] [stderr]     Checking deflate v0.8.6
[INFO] [stderr]     Checking tiff v0.5.0
[INFO] [stderr]     Checking iovec v0.1.4
[INFO] [stderr]     Checking net2 v0.2.35
[INFO] [stderr]     Checking nix v0.14.1
[INFO] [stderr]     Checking memmap v0.7.0
[INFO] [stderr]     Checking num_cpus v1.13.0
[INFO] [stderr]     Checking parking_lot_core v0.7.2
[INFO] [stderr]     Checking x11-dl v2.18.5
[INFO] [stderr]     Checking raw-window-handle v0.3.3
[INFO] [stderr]     Checking shared_library v0.1.9
[INFO] [stderr]     Checking rand_os v0.1.3
[INFO] [stderr]     Checking png v0.16.7
[INFO] [stderr]     Checking crossbeam-channel v0.4.4
[INFO] [stderr]     Checking mio v0.6.22
[INFO] [stderr]     Checking osmesa-sys v0.1.2
[INFO] [stderr]     Checking parking_lot v0.10.2
[INFO] [stderr]     Checking crossbeam-deque v0.7.3
[INFO] [stderr]    Compiling libloading v0.5.2
[INFO] [stderr]     Checking obj-rs v0.4.19
[INFO] [stderr]     Checking approx v0.3.2
[INFO] [stderr]     Checking ordered-float v1.1.0
[INFO] [stderr]     Checking line_drawing v0.7.0
[INFO] [stderr]    Compiling glutin_egl_sys v0.1.5
[INFO] [stderr]    Compiling glutin_glx_sys v0.1.7
[INFO] [stderr]    Compiling glium v0.27.0
[INFO] [stderr]     Checking mio-extras v2.0.6
[INFO] [stderr]     Checking addr2line v0.13.0
[INFO] [stderr]    Compiling wayland-client v0.23.6
[INFO] [stderr]     Checking rusttype v0.8.3
[INFO] [stderr]    Compiling wayland-protocols v0.23.6
[INFO] [stderr]     Checking rusttype v0.7.9
[INFO] [stderr]     Checking andrew v0.2.1
[INFO] [stderr]     Checking backtrace v0.3.50
[INFO] [stderr]     Checking wayland-commons v0.23.6
[INFO] [stderr]     Checking calloop v0.4.4
[INFO] [stderr]     Checking jpeg-decoder v0.1.20
[INFO] [stderr]     Checking image v0.23.9
[INFO] [stderr]     Checking smithay-client-toolkit v0.6.6
[INFO] [stderr]     Checking winit v0.22.2
[INFO] [stderr]     Checking glutin v0.24.1
[INFO] [stderr]     Checking ive v0.1.0 (/opt/rustwide/workdir)
[INFO] [stdout] error[E0432]: unresolved import `glium::backend::glutin_backend`
[INFO] [stdout]  --> src/preview.rs:2:21
[INFO] [stdout]   |
[INFO] [stdout] 2 | use glium::backend::glutin_backend::GlutinFacade;
[INFO] [stdout]   |                     ^^^^^^^^^^^^^^ could not find `glutin_backend` in `backend`
[INFO] [stdout] 
[INFO] [stdout] 
[INFO] [stdout] error[E0433]: failed to resolve: could not find `Event` in `glutin`
[INFO] [stdout]   --> src/preview.rs:98:36
[INFO] [stdout]    |
[INFO] [stdout] 98 |                     glium::glutin::Event::Closed => return,
[INFO] [stdout]    |                                    ^^^^^ could not find `Event` in `glutin`
[INFO] [stdout] 
[INFO] [stdout] 
[INFO] [stdout] error[E0432]: unresolved import `glium::backend::glutin_backend`
[INFO] [stdout]  --> src/preview.rs:2:21
[INFO] [stdout]   |
[INFO] [stdout] 2 | use glium::backend::glutin_backend::GlutinFacade;
[INFO] [stdout]   |                     ^^^^^^^^^^^^^^ could not find `glutin_backend` in `backend`
[INFO] [stdout] 
[INFO] [stdout] 
[INFO] [stdout] error[E0433]: failed to resolve: could not find `Event` in `glutin`
[INFO] [stdout]   --> src/preview.rs:98:36
[INFO] [stdout]    |
[INFO] [stdout] 98 |                     glium::glutin::Event::Closed => return,
[INFO] [stdout]    |                                    ^^^^^ could not find `Event` in `glutin`
[INFO] [stdout] 
[INFO] [stdout] 
[INFO] [stdout] warning: unused import: `Surface`
[INFO] [stdout]   --> src/preview.rs:29:21
[INFO] [stdout]    |
[INFO] [stdout] 29 |         use glium::{Surface};
[INFO] [stdout]    |                     ^^^^^^^
[INFO] [stdout]    |
[INFO] [stdout]    = note: `#[warn(unused_imports)]` on by default
[INFO] [stdout] 
[INFO] [stdout] 
[INFO] [stderr] error: could not compile `ive`.
[INFO] [stdout] error: aborting due to 2 previous errors; 1 warning emitted
[INFO] [stdout] 
[INFO] [stdout] 
[INFO] [stderr] 
[INFO] [stdout] Some errors have detailed explanations: E0432, E0433.
[INFO] [stdout] 
[INFO] [stderr] To learn more, run the command again with --verbose.
[INFO] [stdout] For more information about an error, try `rustc --explain E0432`.
[INFO] [stdout] 
[INFO] [stderr] warning: build failed, waiting for other jobs to finish...
[INFO] [stdout] warning: unused import: `Surface`
[INFO] [stdout]   --> src/preview.rs:29:21
[INFO] [stdout]    |
[INFO] [stdout] 29 |         use glium::{Surface};
[INFO] [stdout]    |                     ^^^^^^^
[INFO] [stdout]    |
[INFO] [stdout]    = note: `#[warn(unused_imports)]` on by default
[INFO] [stdout] 
[INFO] [stdout] 
[INFO] [stdout] error: aborting due to 2 previous errors; 1 warning emitted
[INFO] [stdout] 
[INFO] [stdout] 
[INFO] [stdout] Some errors have detailed explanations: E0432, E0433.
[INFO] [stdout] 
[INFO] [stdout] For more information about an error, try `rustc --explain E0432`.
[INFO] [stdout] 
[INFO] [stderr] error: build failed
[INFO] running `Command { std: "docker" "inspect" "920aaecae81241009ee9862eab18b537d596d4fe5ad3d259b9cb722d1fbe278d", kill_on_drop: false }`
[INFO] running `Command { std: "docker" "rm" "-f" "920aaecae81241009ee9862eab18b537d596d4fe5ad3d259b9cb722d1fbe278d", kill_on_drop: false }`
[INFO] [stdout] 920aaecae81241009ee9862eab18b537d596d4fe5ad3d259b9cb722d1fbe278d
